 divided by n.
5
What is the remainder when (-36 - (-1 + 1))*396/(-72) is divided by 50?
48
Let d(o) be the third derivative of -o**6/120 + o**5/20 + o**3/6 - o**2. What is the remainder when d(-3) is divided by (-6)/(-12) - 74/(-4)?
17
Let s(m) = -m - 2. Let p(j) = 6*j + 1. Let i be p(1). Let g be s(i). What is the remainder when 38 - 0/(g/(-3)) is divided by 13?
12
Let j(a) = a**3 + 1 - 3*a - 4*a**2 - 2 + a**2. What is the remainder when j(5) is divided by 12?
10
Let r = -5 - -3. Let a be (r/(-4))/((-1)/(-12)). Suppose -a*x + 80 = -x. Calculate the remainder when x is divided by 6.
4
Suppose 2*d + 1 = 23. Let h(n) be the first derivative of -n**3/3 + n**2/2 + 4*n - 1. Calculate the remainder when d is divided by h(0).
3
Suppose 0 = -7*a - 17 + 479. What is the remainder when a is divided by 17?
15
Let k(y) = 3*y**2 + y - 19. Calculate the remainder when k(-4) is divided by 13.
12
Suppose -4*h - 8 = 5*i + 7, -9 = i + 2*h. Let k = -1 - -1. Suppose -3*z + 3*t - 3 = k, -4*t + t + 4 = -2*z. What is the remainder when i is divided by z?
0
Let l = 149 + -134. Calculate the remainder when 23 is divided by l.
8
Suppose -5*a - 2*g = 31, 5*g - 3 = 2*a + 21. Let r = a - -16. Let x(s) = -5*s + 1. What is the remainder when x(-3) is divided by r?
7
Let q = -25 + 41. Let t = -2 + q. Calculate the remainder when 26 is divided by t.
12
Suppose -281 - 44 = -5*z. Let c = z + -95. Let m = 44 + c. What is the remainder when 40 is divided by m?
12
Suppose -3*w + j + 34 = 2*j, 60 = 5*w + j. Let d = -168 + 293. Suppose r = -4*t + 20, 0*r - 5*r + 5*t + d = 0. What is the remainder when r is divided by w?
11
Let k(d) = 5*d - 3. Let b(h) = h**3 - h**2 + 6*h - 6. Let m be b(4). Suppose -2*o + m = o. Calculate the remainder when o is divided by k(3).
10
Let f = 2 + 2. Suppose -f*l + 5*k + 67 = 0, l + 3*k = -0*k + 4. Calculate the remainder when 3*(-1 - 28/(-3)) is divided by l.
12
Let g(y) = -y - 2. Let r = -1 - 3. Calculate the remainder when 4/14 + (78/21)/1 is divided by g(r).
0
Let b = -24 - -35. Let u(n) be the third derivative of 17*n**4/24 - n**3/2 - 2*n**2. Calculate the remainder when u(2) is divided by b.
9
Let z be 6/(-9) + 1252/6. Suppose 4*d - z = -0*d. What is the remainder when d is divided by (8 - 12)/((-4)/6)*3?
16
Let d(n) = n + 1. Let h be d(3). Suppose 30 = h*o + 5*f - 10, -2*o + 4*f = -20. Let i = o - -6. Calculate the remainder when 31 is divided by i.
15
Let c = -6 - -4. Calculate the remainder when (-10)/((c/1)/2) is divided by 4.
2
Suppose 2*u - 75 = -3. Let c = u + -17. Calculate the remainder when c is divided by 11.
8
Let i(h) = -3 + 2 - 6 - 5*h. Let u be i(-5). Suppose -3*a = -2*z + 50 - u, 46 = 4*z + 3*a. What is the remainder when z is divided by 4?
1
Let j = 7 + -8. What is the remainder when 6 is divided by 2 - (j + -1) - 2?
0
Let h(b) = -22 + 13 - 9*b + b - b**2. What is the remainder when 11 is divided by h(-6)?
2
Let a(j) = -j**3 - j**2 - 2*j + 1. Let c be a(2). Let s = -76 - -116. Calculate the remainder when s is divided by (-4)/10 + (-216)/c.
12
Let k(z) be the third derivative of -z**6/120 - z**5/30 - z**4/8 + z**3/6 - 5*z**2. Calculate the remainder when 37 is divided by k(-3).
18
Let j(q) = -5*q + q**2 + 0 + 1 + 2*q + 3. What is the remainder when 64 is divided by j(6)?
20
Suppose 4*y + 2*j - 32 = 0, -y + 5*y - 56 = 4*j. Let x = 3 - y. Let a = 24 + x. Calculate the remainder when a is divided by 9.
8
Let c be 58/6 - (-4)/(-6). Let f = 27 - c. Suppose 5*r - 18 = 152. What is the remainder when r is divided by f?
16
Let z(t) = 29*t**3 - t**2 + t + 1. Let m be z(-1). What is the remainder when 6 is divided by (-6)/(-24) - m/8?
2
Let x(a) = 3*a**3 - 3*a**2 - 4*a - 2. Let k be x(5). Suppose -k = -2*w - 3*w - 2*l, 4*l = 3*w - 172. What is the remainder when w is divided by 19?
18
Let j = -4 + 7. Suppose l = -5*m + 27, 2*m + 0 = 4*l + 2. Calculate the remainder when j is divided by l.
1
Let c be ((-4)/8)/((-1)/(-6)). Let s be ((-130)/15)/((-1)/c). Let x = s + 47. What is the remainder when x is divided by 11?
10
Let q = -48 + 68. Suppose q = -4*p + 84. Suppose a - 10 = -4*a, 4*a + 28 = 4*m. Calculate the remainder when p is divided by m.
7
Let d be (1/2)/((-8)/(-80)). Suppose -p - 4*p + d*m + 25 = 0, 5*p - 19 = 2*m. Suppose p*i = 2*i + 34. What is the remainder when i is divided by 18?
16
Suppose w - 97 = 5*f, -4*f - w = -2*w + 77. Let z = f - -33. Calculate the remainder when 23 is divided by z.
10
Suppose x + 2*x - 6 = 0. Suppose x*u + 34 = 3*g, 5*g = 2*u - 4*u + 30. Suppose 0*m = -4*m + 12. What is the remainder when g is divided by m?
2
Let r = 114 - -17. Calculate the remainder when r is divided by 33.
32
Let n = -16 - -21. Calculate the remainder when 9 is divided by n.
4
Let j(h) = -h + 12. Let l be 3/3*2*3. What is the remainder when 9 is divided by j(l)?
3
Let h(m) = m + 1. Let l(a) = -41*a - 9. Let y(s) = 6*h(s) + l(s). What is the remainder when y(-1) is divided by 17?
15
Calculate the remainder when 82 is divided by (-2 + 12)/(-5) + 30.
26
Let p = 18 - 11. What is the remainder when 27 is divided by p?
6
Let i be 3/6*2*1. Suppose 2*k + i = 15. What is the remainder when 20 is divided by k?
6
Let m = 4 - -13. Suppose 5*y = -4*x - 7, 2*x + m = 3*x - 5*y. Let h = -22 + 24. What is the remainder when h is divided by x?
0
Suppose 0 = -3*p - 0*p + 4*v - 134, 0 = 3*p + 5*v + 143. Let i = -26 - p. Calculate the remainder when i is divided by 11.
9
Let a = 218 - 113. Suppose 0 = -0*s + 2*s + o - 54, -81 = -3*s + 4*o. What is the remainder when a is divided by s?
24
Let i = -17 + 39. Calculate the remainder when 62 is divided by i.
18
Let u(s) = 4*s + 2. Let y be u(2). Suppose 0*v + v - y = 0. What is the remainder when v is divided by 4?
2
Suppose -2*m = 2*m - 236. Calculate the remainder when m is divided by 20.
19
Suppose 4*g - 8 = 0, 2*s - 56 = g - 5*g. Calculate the remainder when s is divided by 14.
10
Suppose 4*d - 3*y = 84, d + 5*y - 6 = 15. Suppose 5*i - 5 = 190. Calculate the remainder when i is divided by d.
18
Let i(d) = -3*d**2 - d + 3. Let s be i(-3). Let z = 23 + s. What is the remainder when z is divided by 1 - (0/2 + 0)?
0
Let k = -9 - 1. Let p be ((-6)/(-4))/(36/408). Let f = k + p. What is the remainder when 27 is divided by f?
6
Suppose 14*t = 9*t + 245. Calculate the remainder when t is divided by 17.
15
Let c = -4 + 36. Let i = -19 + c. Calculate the remainder when i is divided by 7.
6
Suppose k + 10 = 3*k - 4*r, -4*k = -5*r - 14. What is the remainder when k is divided by 1?
0
Let o be ((-4)/8)/(2/(-116)). Suppose l - 12 = o. Suppose -2*s + 47 = 5*k, 2*k + 20 = s + k. Calculate the remainder when l is divided by s.
20
Let h = 75 + -62. Calculate the remainder when 56 is divided by h.
4
Suppose -5*b + 244 = -56. Suppose a + b = r, 3*a - 145 = -3*r - a. Calculate the remainder when r is divided by -2 - (20*-1 - 1).
17
Let i = 1232 - 1768. Let h(z) = -z + 2. Let x be h(9). Calculate the remainder when i/(-14) - (-2)/x is divided by 20.
18
Let y be ((-12)/(-8))/(4/(-24)). Let r = y - -23. What is the remainder when 25 is divided by r?
11
Suppose f = 4*f - 126. Let m = f - 23. What is the remainder when (4 + 2)/((-2)/(-18)) is divided by m?
16
Suppose -4*c = 2*z, -2*z - 3*c = 2*z - 15. Calculate the remainder when 21 is divided by z.
3
Suppose 5*z - 71 = -11. What is the remainder when 33 is divided by z?
9
Let u(z) = z**2 - 2*z + 2. Let n(q) = -q**2 + 6*q - 2. Let t be n(5). Calculate the remainder when 19 is divided by u(t).
4
Suppose -300 = -20*z + 8*z. Suppose 2*h + h - 21 = 0. What is the remainder when z is divided by h?
4
Suppose -o = -c - 63, 5*c = 4*o - 5*o + 93. What is the remainder when 268 is divided by o?
64
Calculate the remainder when 50 is divided by (-175)/(-10) - 2/(-4).
14
Let w be -1 + (-15)/3 + 2. What is the remainder when 19 is divided by (-26)/w + (-2)/(-4)?
5
Suppose -34 = -4*l - 2*o, 5*o = -0*l - 2*l + 29. Calculate the remainder when l is divided by 0 - -3 - 3 - -2.
1
Calculate the remainder when 155 is divided by (3/2)/(-3*(-3)/156).
25
Let u(z) = 4*z + 1. Suppose -4 = -2*x + 22. Let s be 6/(-33) + x/11. Calculate the remainder when 12 is divided by u(s).
2
Let b = 15 - 9. Suppose -5*r + b*r - 8 = 0. Calculate the remainder when r is divided by 3.
2
Let y be (-9)/(-15) - 2/(-5). Sup